4) in base 4?
-21
What is 6 (base 8) in base 16?
6
Convert 0 (base 7) to base 3.
0
64 (base 9) to base 12
4a
What is c (base 13) in base 6?
20
What is 8 (base 15) in base 2?
1000
Convert -10110 (base 3) to base 11.
-85
-32 (base 10) to base 4
-200
What is -43 (base 8) in base 7?
-50
0 (base 7) to base 14
0
-3 (base 5) to base 15
-3
Convert 41 (base 11) to base 2.
101101
-301 (base 5) to base 8
-114
What is 302 (base 6) in base 4?
1232
110 (base 3) to base 15
c
-38 (base 10) to base 7
-53
-1 (base 7) to base 15
-1
-46 (base 14) to base 4
-332
What is 1 (base 15) in base 5?
1
28 (base 12) to base 6
52
112 (base 6) to base 16
2c
Convert 8 (base 9) to base 8.
10
What is 42 (base 5) in base 16?
16
133 (base 12) to base 11
157
-11011 (base 2) to base 3
-1000
Convert 3 (base 12) to base 7.
3
61 (base 7) to base 8
53
-101110 (base 2) to base 4
-232
-1210 (base 5) to base 2
-10110100
What is -13 (base 10) in base 12?
-11
-325 (base 6) to base 15
-85
What is 1 (base 2) in base 14?
1
What is 2 (base 11) in base 3?
2
1 (base 11) to base 6
1
-4 (base 5) to base 14
-4
-3 (base 14) to base 16
-3
What is 12 (base 3) in base 2?
101
What is -10 (base 14) in base 10?
-14
-244 (base 7) to base 6
-334
What is -14 (base 12) in base 10?
-16
-21 (base 5) to base 8
-13
-133 (base 5) to base 15
-2d
-39 (base 10) to base 16
-27
What is 10331 (base 4) in base 9?
382
What is -239 (base 10) in base 7?
-461
-64 (base 8) to base 14
-3a
What is -7 (base 9) in base 10?
-7
Convert -4 (base 14) to base 6.
-4
-1 (base 4) to base 14
-1
9 (base 16) to base 6
13
-3 (base 9) to base 10
-3
Convert 105 (base 13) to base 15.
b9
Convert 11 (base 11) to base 5.
22
Convert -25 (base 9) to base 11.
-21
What is 9c (base 16) in base 15?
a6
Convert 8 (base 11) to base 8.
10
What is 11 (base 4) in base 14?
5
-7 (base 10) to base 12
-7
Convert -12012 (base 3) to base 15.
-95
What is 15 (base 10) in base 8?
17
Convert -6 (base 16) to base 4.
-12
-13 (base 4) to base 16
-7
What is 10 (base 2) in base 12?
2
Convert 11 (base 3) to base 4.
10
Convert 21 (base 9) to base 14.
15
2 (base 13) to base 3
2
Convert 30 (base 15) to base 16.
2d
What is 6 (base 7) in base 11?
6
Convert 23 (base 4) to base 6.
15
What is -101 (base 2) in base 13?
-5
Convert -3 (base 8) to base 4.
-3
What is 2 (base 16) in base 15?
2
What is 60 (base 7) in base 8?
52
1 (base 2) to base 6
1
7a (base 11) to base 14
63
Convert 101 (base 6) to base 5.
122
What is -1311 (base 6) in base 13?
-1c6
29 (base 15) to base 5
124
-1 (base 15) to base 10
-1
Convert -135 (base 10) to base 5.
-1020
What is 46 (base 10) in base 16?
2e
-1a (base 13) to base 6
-35
-25 (base 12) to base 13
-23
111 (base 4) to base 12
19
What is -5 (base 8) in base 16?
-5
What is 2 (base 9) in base 4?
2
What is 0 (base 2) in base 7?
0
What is -31 (base 8) in base 10?
-25
What is -1 (base 8) in base 4?
-1
Convert 3 (base 14) to base 13.
3
1 (base 6) to base 16
1
What is -1121 (base 3) in base 12?
-37
What is 3 (base 16) in base 3?
10
What is 2232 (base 4) in base 10?
174
-36 (base 11) to base 8
-47
Convert 2 (base 12) to base 3.
2
What is 100 (base 3) in base 8?
11
0 (base 9) to base 8
0
Convert 21 (base 7) to base 5.
30
-42 (base 6) to base 15
-1b
Convert 1100 (base 2) to base 11.
11
141 (base 7) to base 4
1032
Convert -1010 (base 2) to base 6.
-14
What is 211 (base 4) in base 12?
31
What is 1 (base 6) in base 5?
1
What is 21 (base 8) in base 15?
12
Convert -8 (base 13) to base 9.
-8
Convert -3 (base 16) to base 2.
-11
Convert 5 (base 14) to base 3.
12
19 (base 16) to base 10
25
Convert 6 (base 8) to base 11.
6
2 (base 15) to base 10
2
54 (base 15) to base 3
2221
What is 36 (base 12) in base 3?
1120
22 (base 14) to base 12
26
-10 (base 6) to base 10
-6
What is 0 (base 14) in base 8?
0
Convert 204 (base 6) to base 8.
114
What is -8 (base 15) in base 12?
-8
What is -1050 (base 6) in base 5?
-1441
What is 111 (base 3) in base 16?
d
What is -240 (base 8) in base 3?
-12221
-1c (base 16) to base 15
-1d
81 (base 10) to base 2
1010001
What is -4 (base 15) in base 16?
-4
What is 63 (base 16) in base 2?
1100011
What is 24 (base 6) in base 8?
20
1 (base 6) to base 8
1
What is -3131 (base 4) in base 14?
-11b
What is 43 (base 16) in base 6?
151
What is 3 (base 12) in base 7?
3
Convert 146 (base 16) to base 7.
644
74 (base 13) to base 9
115
What is -24 (base 12) in base 3?
-1001
Convert -3 (base 12) to base 7.
-3
Convert 10 (base 12) to base 13.
c
15 (base 13) to base 2
10010
-3 (base 15) to base 11
-3
What is 3 (base 8) in base 2?
11
245 (base 7) to base 3
11212
What is -121 (base 3) in base 14?
-12
What is 4 (base 5) in base 11?
4
Convert 15 (base 15) to base 4.
110
What is 5 (base 16) in base 9?
5
Convert -2 (base 4) to base 2.
-10
What is 2 (base 6) in base 16?
2
-20 (base 5) to base 3
-101
What is -12 (base 14) in base 9?
-17
What is -1 (base 2) in base 12?
-1
-152 (base 8) to base 7
-211
What is -142 (base 7) in base 10?
-79
-6 (base 7) to base 6
-10
Convert 107 (base 11) to base 3.
11202
What is -1044 (base 6) in base 4?
-3310
-120 (base 3) to base 2
-1111
101001 (base 2) to base 11
38
What is 6 (base 8) in base 6?
10
What is -14 (base 10) in base 8?
-16
-52 (base 7) to base 4
-211
11 (base 10) to base 15
b
What is -10 (base 5) in base 4?
-11
Convert 0 (base 4) to base 10.
0
-a8 (base 15) to base 7
-314
Convert -411 (base 8) to base 14.
-14d
10222 (base 4) to base 7
604
-4 (base 10) to base 5
-4
What is -11 (base 5) in base 2?
-110
Convert 12 (base 3) to base 2.
101
2 (base 7) to base 10
2
Convert -210 (base 3) to base 15.
-16
What is 14 (base 7) in base 6?
15
What is 1113 (base 4) in base 6?
223
What is 44 (base 7) in base 5?
112
11 (base 2) to base 15
3
Convert 31 (base 4) to base 15.
d
What is -6 (base 7) in base 8?
-6
Convert 8 (base 9) to base 6.
12
What is 10010 (base 2) in base 15?
13
-3 (base 4) to base 15
-3
What is 10001 (base 2) in base 9?
18
-79 (base 15) to base 11
-a4
1d (base 14) to base 9
30
Convert -9 (base 10) to base 13.
-9
Convert -3 (base 12) to base 14.
-3
What is -4 (base 9) in base 4?
-10
3010 (base 4) to base 10
196
-2 (base 16) to base 7
-2
What is 11 (base 3) in base 7?
4
Convert -1 (base 11) to base 5.
-1
Convert -4 (base 11) to base 15.
-4
0 (base 3) to base 9
0
What is -76 (base 10) in base 14?
-56
What is 11110 (base 3) in base 12?
a0
-2 (base 9) to base 8
-2
133 (base 6) to base 11
52
-4 (base 7) to base 6
-4
-4 (base 14) to base 7
-4
What is 20 (base 5) in base 10?
10
Convert 0 (base 15) to base 8.
0
What is -111 (base 3) in base 14?
-d
Convert 28 (base 13) to base 8.
42
What is 20 (base 4) in base 8?
10
Convert -11 (base 2) to base 13.
-3
Convert 125 (base 8) to base 7.
151
Convert -10 (base 2) to base 11.
-2
What is -3 (base 14) in base 15?
-3
What is -120 (base 3) in base 4?
-33
73 (base 8) to base 3
2012
What is -10 (base 4) in base 12?
-4
Convert -c (base 13) to base 6.
-20
What is -20011 (base 3) in base 8?
-246
-4 (base 10) to base 3
-11
What is 103 (base 4) in base 2?
10011
What is 221 (base 6) in base 7?
151
Convert -2233 (base 4) to base 3.
-20111
5 (base 8) to base 13
5
1 (base 5) to base 16
1
Convert a6 (base 16) to base 8.
246
4 (base 10) to base 5
4
-3 (base 7) to base 8
-3
-1 (base 6) to base 5
-1
What is -20 (base 5) in base 16?
-a
What is -10 (base 2) in base 14?
-2
Convert -17 (base 11) to base 8.
-22
222 (base 3) to base 8
32
Convert 2 (base 10) to base 11.
2
Convert -3 (base 13) to base 12.
-3
123 (base 11) to base 5
1041
Convert 57 (base 16) to base 3.
10020
Convert -5 (base 16) to base 10.
-5
Convert 10 (base 4) to base 9.
4
Convert 2 (base 3) to base 5.
2
-c (base 15) to base 8
-14
What is 22012 (base 3) in base 5?
1341
What is -2222 (base 4) in base 14?
-c2
Convert -1 (base 6) to base 4.
-1
What is 1100 (base 4) in base 10?
80
Convert -1102 (base 3) to base 9.
-42
103 (base 4) to base 16
13
-1 (base 4) to base 14
-1
What is -1 (base 13) in base 16?
-1
-23 (base 12) to base 2
-11011
11 (base 10) to base 13
b
What is -1f (base 16) in base 7?
-43
1 (base 13) to base 4
1
Convert 50 (base 7) to base 2.
100011
Convert 16 (base 12) to base 11.
17
Convert -13 (base 14) to base 6.
-25
-2 (base 14) to base 16
-2
Convert -7 (base 8) to base 11.
-7
Convert 20 (base 3) to base 16.
6
3 (base 14) to base 6
3
Convert 47 (base 11